 8034906?
66
What is the highest common factor of 250344 and 532152?
1368
What is the greatest common divisor of 75770534 and 581?
581
Calculate the highest common factor of 23907888 and 1584.
144
Calculate the greatest common divisor of 13458783 and 39.
39
Calculate the highest common divisor of 508 and 20796.
4
What is the highest common factor of 1739080 and 826?
14
What is the greatest common divisor of 680 and 386745920?
680
Calculate the greatest common divisor of 747140320 and 40.
40
What is the greatest common divisor of 12405 and 265260?
15
Calculate the highest common factor of 55 and 20192590.
55
What is the highest common factor of 3170391 and 21?
21
What is the highest common factor of 6 and 5587922?
2
What is the highest common factor of 61344 and 32654178?
3834
Calculate the highest common factor of 68967 and 17363.
97
Calculate the highest common divisor of 4245 and 4756740.
15
Calculate the greatest common divisor of 1351487 and 16820.
841
Calculate the highest common factor of 1786 and 766570846.
1786
Calculate the highest common factor of 1817362 and 681.
227
What is the greatest common divisor of 415018820 and 240?
20
Calculate the highest common factor of 1360170 and 3825.
765
What is the highest common divisor of 17236349 and 91?
13
Calculate the highest common divisor of 30314208 and 26976.
96
What is the highest common factor of 1643 and 218801596?
1643
What is the greatest common divisor of 833 and 115877797?
833
Calculate the greatest common factor of 11810565 and 65.
65
Calculate the greatest common divisor of 11 and 27702466.
11
What is the greatest common divisor of 399 and 16256723?
133
Calculate the greatest common divisor of 250648695 and 2745.
2745
What is the highest common divisor of 120 and 290271924?
12
Calculate the highest common factor of 292687 and 7813.
601
Calculate the greatest common factor of 370 and 94135.
5
What is the greatest common divisor of 16625 and 4744243?
133
What is the greatest common divisor of 211 and 13139603?
211
Calculate the greatest common factor of 372 and 10108542.
186
Calculate the greatest common divisor of 24517724 and 67298.
3542
Calculate the greatest common factor of 6810914 and 2706.
22
What is the greatest common divisor of 23492 and 201796?
28
What is the highest common divisor of 473 and 525514?
11
What is the greatest common factor of 25230 and 839985?
435
What is the highest common factor of 15423530 and 2650?
530
What is the highest common divisor of 228 and 260382?
6
What is the highest common divisor of 12768 and 438928?
112
Calculate the highest common factor of 40415 and 28633.
137
Calculate the highest common divisor of 7732686 and 286.
26
Calculate the greatest common divisor of 14774 and 760238.
178
Calculate the highest common divisor of 27 and 864183.
3
Calculate the greatest common factor of 278 and 1030822.
2
Calculate the greatest common divisor of 8189410 and 30.
10
Calculate the highest common divisor of 11085 and 6608877.
2217
What is the highest common factor of 8 and 17364896?
8
What is the highest common divisor of 240824 and 16?
8
Calculate the highest common divisor of 22099 and 424193.
539
What is the greatest common divisor of 9928555 and 4095?
455
What is the highest common divisor of 1164 and 967236?
12
What is the highest common factor of 2416 and 23267288?
1208
Calculate the highest common factor of 3751 and 64097.
11
What is the highest common factor of 22153941 and 459?
153
Calculate the highest common factor of 925680 and 1320.
120
Calculate the highest common factor of 5 and 538253.
1
What is the greatest common divisor of 19239552 and 36?
36
Calculate the highest common factor of 5675257 and 3843.
427
What is the highest common divisor of 1664 and 79164384?
416
Calculate the greatest common factor of 11713 and 182585.
689
Calculate the greatest common divisor of 9234 and 5946544.
38
What is the highest common factor of 36297 and 6649?
109
Calculate the highest common divisor of 1416150 and 1410.
30
Calculate the highest common factor of 1092138 and 6284082.
5718
What is the greatest common divisor of 11691968 and 192?
64
What is the highest common divisor of 153504640 and 640?
640
What is the highest common divisor of 12169 and 492420?
283
What is the greatest common factor of 315 and 1028097?
63
Calculate the greatest common divisor of 115 and 324893377.
23
Calculate the highest common factor of 33 and 99498971.
11
What is the highest common divisor of 1764 and 8182062?
126
Calculate the highest common factor of 126 and 11066006.
14
Calculate the highest common divisor of 254172 and 1038228.
4308
Calculate the greatest common divisor of 744 and 1106369478.
186
Calculate the greatest common factor of 2511 and 113330451.
93
What is the greatest common factor of 51611 and 489538?
511
What is the highest common factor of 1370 and 2939630?
10
What is the highest common factor of 36635 and 21709?
17
Calculate the greatest common factor of 104260 and 86060.
260
Calculate the greatest common divisor of 217443525 and 30.
15
Calculate the greatest common factor of 3014502 and 439983.
1767
What is the greatest common factor of 247850 and 12350?
50
Calculate the highest common factor of 3905 and 6034006.
781
Calculate the greatest common factor of 15373957 and 662.
331
Calculate the greatest common divisor of 65 and 7586501.
13
What is the highest common divisor of 93786 and 360150?
294
Calculate the greatest common divisor of 5076792 and 3822.
294
Calculate the highest common factor of 126433944 and 7.
7
Calculate the greatest common factor of 2184 and 55341.
39
Calculate the greatest common divisor of 76 and 205638786.
38
Calculate the highest common factor of 1584 and 12727440.
1584
Calculate the greatest common divisor of 11301400 and 7040.
440
What is the highest common factor of 3299630 and 107557?
1823
Calculate the highest common factor of 5592779 and 7801.
269
Calculate the highest common divisor of 24164938 and 4011.
1337
Calculate the highest common factor of 127104988 and 68.
68
What is the highest common factor of 252330 and 118248?
78
What is the highest common divisor of 143 and 193200787?
13
Calculate the highest common factor of 1907 and 566.
1
What is the greatest common divisor of 274050 and 160272?
378
Calculate the highest common factor of 27505886 and 54.
2
Calculate the greatest common divisor of 1078535228 and 23.
23
What is the greatest common divisor of 2030 and 90472025?
1015
Calculate the greatest common factor of 171 and 5393587.
19
What is the greatest common divisor of 6217666 and 14526?
538
What is the highest common factor of 245 and 326144?
49
Calculate the highest common divisor of 377527117 and 6904.
863
What is the greatest common divisor of 13343800 and 200?
200
What is the greatest common divisor of 7905112 and 243664?
776
Calculate the greatest common factor of 5560 and 352365.
695
What is the highest common factor of 2143815 and 97595?
655
Calculate the highest common factor of 2630181 and 645.
129
Calculate the highest common divisor of 572 and 12660648.
572
What is the highest common divisor of 70499 and 66019109?
6409
Calculate the highest common divisor of 1384625 and 661705.
2915
Calculate the highest common factor of 692 and 5560566.
346
Calculate the greatest common divisor of 266 and 105813679.
19
Calculate the greatest common factor of 2715 and 2910.
15
What is the greatest common divisor of 2456 and 660696?
8
Calculate the highest common divisor of 2461432 and 7825.
313
What is the highest common factor of 34699030 and 30?
10
Calculate the highest common factor of 212890230 and 20.
10
Calculate the highest common divisor of 6666 and 144375561.
3333
What is the greatest common factor of 7342962 and 781?
781
Calculate the highest common factor of 1187551894 and 2687.
2687
What is the highest common factor of 1382994 and 2592?
162
Calculate the greatest common factor of 175859168 and 16.
16
Calculate the greatest common factor of 120 and 191790420.
60
What is the highest common divisor of 4960 and 57119980?
620
What is the highest common divisor of 2814713 and 3113?
11
What is the highest common factor of 104661756 and 108?
36
What is the greatest common factor of 17 and 457334?
17
What is th